p = 2*p - 83, 5*p = 4*z - 129. List the prime factors of z.
2, 13
Suppose -3 = k, 0 = -4*m - 0*k - 5*k - 5203. Let z = m + 2435. List the prime factors of z.
2, 569
What are the prime factors of (189/(-14))/((-65)/92950)?
3, 5, 11, 13
Suppose 5 = 41*r - 77. Suppose -r*v = 2*k - 1132, -2*k + k + 572 = 3*v. What are the prime factors of k?
563
Let u(w) be the first derivative of w**3/3 + 5*w**2 + 5*w - 12. Let o be u(-9). What are the prime factors of 4 + o + 78/1?
2, 3, 13
Let d(q) = q**2 - 13*q + 3. Let j be d(14). Let c(m) = 7*m + 2. Let k be c(0). Suppose p - 1 = 0, -k*b = -p - 18 - j. List the prime factors of b.
2, 3
Let b be -3*542/4 + 12/8. Let d = b + 992. Suppose 3*x = 5*k - d, 366 - 37 = 3*k + 4*x. What are the prime factors of k?
5, 23
Suppose 11 = 5*o + 2*u, -4*o = -0*u - 2*u - 16. Suppose -185 - 45 = -y - 3*s, y - o*s = 218. Suppose 231 = 7*r - y. List the prime factors of r.
5, 13
Let t(a) = 69*a - 12. Let z be t(2). List the prime factors of 46*(-2)/((-24)/z).
3, 7, 23
Suppose 5*g - 2*l = 46582, -35*l + 40*l - 37259 = -4*g. What are the prime factors of g?
2, 17, 137
Suppose 1556 = 2*w - 2*i, w + 29*i - 784 = 28*i. Let g = w - 533. List the prime factors of g.
2, 31
Suppose -245*d = -179*d - 682902. List the prime factors of d.
3, 3449
Suppose -53*b + 662130 = 23*b + 50*b. List the prime factors of b.
5, 1051
Suppose 1100*q - 387820 = -1090*q + 2180*q. List the prime factors of q.
2, 19391
Suppose -48*m - 43*m = 33*m - 1050776. List the prime factors of m.
2, 19, 223
Let j(t) = 20 - 7133*t**2 + 6*t - t + 7123*t**2 - 2*t**3. List the prime factors of j(-7).
181
Let z(m) = -m**2 + 16*m + 19. Let f be z(17). Suppose -8*h = -f*h. Suppose 3*g + 0*g + 4*p - 155 = h, -2*g = -5*p - 134. What are the prime factors of g?
3, 19
Let i(n) = -n**3 + 11*n**2 - 17. Let a be i(5). Let v be 39/(-24)*14*-4. Let f = a - v. List the prime factors of f.
2, 3, 7
Let i = 26776 - 22412. What are the prime factors of i?
2, 1091
What are the prime factors of 4*(-15)/30 - -29657?
3, 5, 659
Let c(m) = m**2 + 10*m - 422. What are the prime factors of c(80)?
2, 3389
Let k = 423 + -15. Suppose 0 = k*w - 410*w + 1310. What are the prime factors of w?
5, 131
Suppose -108384 = -6*y - 26*y. What are the prime factors of y?
3, 1129
Let i(j) = -40*j**3 - 3*j**2 + 1. Suppose 0 = 4*a + 2*y + 2, 3*a = a - 3*y + 5. What are the prime factors of i(a)?
3, 103
Suppose 0 = 2*y - 10 + 4. Suppose -155 = -y*t + 2*t. Suppose 63 + t = 2*x. What are the prime factors of x?
109
Suppose 4*w = 7*w - 684. Let u = w + 2. List the prime factors of u.
2, 5, 23
Suppose -7*o = -5*o - 24. Let c be o/3 - 1 - -35. Let b = 71 - c. List the prime factors of b.
3, 11
Suppose -491*y + 396202 = -448*y. What are the prime factors of y?
2, 17, 271
Let c(s) = -64*s - 4. Let r be c(15). Let u = -503 - r. What are the prime factors of u?
461
Let o = -5659 - -5979. List the prime factors of o.
2, 5
Let b = -73 + 77. Suppose 2*r + b*x - 396 = 0, -2*r - 3*x + 0*x + 401 = 0. List the prime factors of r.
2, 13
Suppose -2*t = -6*y + 3*y + 29608, -3*y - 5*t + 29594 = 0. What are the prime factors of y?
2, 2467
Let n be 80/(-200)*(69 + 0 + 1). What are the prime factors of (-58)/(2 + 60/n) + 2?
2, 3, 17
Let k(y) = 2*y**2 - 4*y - 6. Suppose 7*l = -0*l + 28. Suppose l*n = 3*n + 3, -2*o = -3*n - 7. List the prime factors of k(o).
2, 3, 5
Let y be (-1 + 4)/(3/9*3). Let i be (1*y)/((-30)/(-220)). What are the prime factors of 3*(0 + 3 + i)?
3, 5
Let p(l) = 2*l + 37. Suppose 3*a + 3*k - 132 = -45, 2*a = k + 73. Suppose -4*y - b - a = -6*y, 0 = b. List the prime factors of p(y).
71
Let b be 909 + (-18)/(-8 + 17). Let c = b + -487. List the prime factors of c.
2, 3, 5, 7
Let p be 2 + -10*(-3 + 14/4). Let m(c) = 3*c + 6 + 0*c + 3*c**2 + 3*c**2. List the prime factors of m(p).
3, 17
Let g(a) = 97*a + 31. Let m(p) = p**2 + 3. Let c be m(-3). What are the prime factors of g(c)?
5, 239
Let s(v) = v**2 - 128*v - 1393. What are the prime factors of s(-71)?
2, 199
Let o(f) = 12*f - 3. Suppose 12 = -3*s - 33. Let h be (-108)/s - 1/5. List the prime factors of o(h).
3
Suppose -78*t = -2*i - 81*t + 7118, -4*i - 2*t = -14260. List the prime factors of i.
2, 223
Let y = 12327 - -3620. List the prime factors of y.
37, 431
Let b = 21383 - 2060. What are the prime factors of b?
3, 19, 113
Let u(t) = -38*t - 44. Let s be u(28). Let f = -482 - s. List the prime factors of f.
2, 313
Let q(b) = -204 - 139 - 70*b + 29 - 11. What are the prime factors of q(-27)?
5, 313
Suppose -1739 = -3*r - 4*t, -5*t + 306 = r - 270. Suppose -3*o = -2*o - r. List the prime factors of o.
7, 83
Let z = 2097 + -123. Suppose -13*k + 8*k - z = -q, -1944 = -q - k. List the prime factors of q.
1949
Suppose 5*h + 24 = 2*h. Let b be (38/8)/(-3 - 26/h). Let y = 50 - b. What are the prime factors of y?
31
Suppose -61282 = -8*t + 3142. What are the prime factors of t?
8053
Let q(x) = x**3 - x - 33. Let a be q(0). Let z = 35 + a. Suppose r - 4 = -z*d, -2*r + 4*d = 3*d - 8. What are the prime factors of r?
2
Let z(b) = 3*b**2 + 16*b + 27. Let p be z(-5). Suppose -p = -g - 5*y + 24, 3*g = -3*y + 102. What are the prime factors of g?
31
Let c(v) = v**3 - 6*v**2 - 5*v + 6. Let u be c(7). Let f be (u - 21)*2/2. List the prime factors of (4 + -93)*1/f.
89
Let s(r) = 3*r**3 - 6*r**2 - 4*r - 8. Let m be s(6). Suppose -y - y = -5*g - 430, 4*y + m = -5*g. List the prime factors of g/70*230/(-4).
3, 23
Let t = 11332 + -3133. List the prime factors of t.
3, 911
Let g = 46486 - 32287. What are the prime factors of g?
3, 4733
Let g(p) = -45*p**2 + 3*p - 4. Let i(a) = a**2 - a + 1. Let o be ((-2)/(-30) + 10/(-25))*3. Let q(j) = o*g(j) - 3*i(j). List the prime factors of q(-1).
43
Let m(k) = -k + 5. Let b be m(21). Let s be ((-3)/(-6))/(2/b) + 160. Suppose -c = -4*x + 604, -s = -x - 4*c + 3*c. List the prime factors of x.
2, 19
Let v be 2*(45/2)/9. Suppose -3*x - 3 = -2*n, -6 = -v*x - 4*n + 11. List the prime factors of -1 - -7 - 2/x.
2
Suppose 0 = -5*u - 27 - 28. Let o(k) = k**3 + 12*k**2 + 12*k - 3. Let r be o(u). List the prime factors of 722/10 - r/(-70).
2, 3
Let o be (9/(-2))/((-15)/20). Suppose -7*b = 15 + o. What are the prime factors of 25/b*2*-6?
2, 5
Let g = -86 - -86. Suppose -k + g*l + 3*l = -407, 0 = -k - 5*l + 375. List the prime factors of k.
5, 79
Let u(p) = p**3 - 15*p**2 - 22*p + 27. Let t be u(16). Let b = 67 + t. List the prime factors of (-2 + 12 + b)/(4/60).
2, 3, 5
Let u be (-8)/(-40)*0 - (2 + -4). List the prime factors of 670494/506 - (u - (-44)/(-23)).
5, 53
Suppose 5*r - 3 = -p, -2*r - 2*p = -0*r - 6. Suppose r = 2*n + 370 - 1122. List the prime factors of n.
2, 47
What are the prime factors of 10/(-4)*(-97)/((-4074)/(-32844))?
5, 17, 23
Let d = 126 - 160. Let l = d - -36. List the prime factors of l/(-11) - (-2609)/11.
3, 79
Let k(b) = -9*b - 1. Let g be k(3). Let h = g + 30. Suppose -4*j + j = h*x - 197, 3*x + 4*j - 294 = 0. List the prime factors of x.
2, 47
Let y(r) be the third derivative of r**6/120 - r**5/12 + 3*r**4/8 - r**3/6 + 5*r**2. Let g be y(6). Let v = -61 + g. List the prime factors of v.
2, 7
Let m(r) = 25*r**2 + r + 2. Let k(f) = 2*f + 3. Let v be k(-2). Let j be (v - (-39)/15) + (-4)/(-10). What are the prime factors of m(j)?
2, 13
Let k(l) = l**2 - 16*l + 57. Let x be k(11). Suppose 2 = n, 4*j + 193 = x*n + 569. What are the prime factors of j?
5, 19
List the prime factors of (-6)/(-141) - 126094320/(-6768).
31, 601
Let b(h) = -h**3 + 59*h**2 + 172*h + 141. What are the prime factors of b(61)?
3191
Let p = 731 + -18. Let l = -14 + p. List the prime factors of l.
3, 233
Suppose -17*k + 212 = -3001. Let y = 216 - k. List the prime factors of y.
3
Suppose 9*g = 5*g. Suppose -3*c + c + 188 = g. Let s = c + -36. List the prime factors of s.
2, 29
Let l = 22709 + -11844. List the prime factors of l.
5, 41, 53
Suppose -6 = g + a + 3*a, -5*g - 30 = 2*a. Let s be (10/g*-1)/((-7)/147). Let r = 86 - s. List the prime factors of r.
11
Let s(g) = 7*g - 11. Let y be s(2). What are the prime factors of ((-2)/4)/(8/(-16176)*y)?
337
Suppose -5*k - 465 = -5*t, -t - 471 = 5*k - 3*t. Let o = k - -209. Suppose 3*x + o = 3*a, 5*x - 58 = -4*a + 139. What are the prime factors of a?
43
Suppose -5*h = -v - 1138, v - 458 = 6*h - 8*h. Let j = 593 - h. List t